{"id":455,"date":"2020-01-22T12:46:58","date_gmt":"2020-01-22T11:46:58","guid":{"rendered":"http:\/\/sanktuarium-bujakow.pl\/?page_id=455"},"modified":"2024-05-08T07:07:44","modified_gmt":"2024-05-08T05:07:44","slug":"nabozenstwa","status":"publish","type":"page","link":"https:\/\/parafiakrynice.pl\/?page_id=455","title":{"rendered":"Nabo\u017ce\u0144stwa"},"content":{"rendered":"\n<p><strong>Msze \u015bwi\u0119te i nabo\u017ce\u0144stwa <\/strong> <\/p>\n\n\n\n<p><strong>W niedziel\u0119 <\/strong>Msze \u015bw. w Krynicach o godzinie 9.00 i 11.00<\/p>\n\n\n\n<p>w Polanach w II, III, IV i V sobot\u0119 latem o 19.00 a zim\u0105 o 18.00<\/p>\n\n\n\n<p class=\"has-text-align-center\"><strong>W dni powszednie<\/strong> latem o 18.00 lub o 7.00 zim\u0105\u00a0 o 17.00 lub o 7.00<\/p>\n\n\n\n<p>Nabo\u017ce\u0144stwo r\u00f3\u017ca\u0144cowe po Mszy \u015bw. o 17.00<\/p>\n\n\n\n<p>Roraty w czasie adwentu w dni powszednie o godzinie 7.00<\/p>\n\n\n\n<p>Nabo\u017ce\u0144stwo fatimskie od maja do pa\u017adziernika, 13 ka\u017cdego dnia miesi\u0105ca o godzinie 19.00<\/p>\n\n\n\n<p>Droga krzy\u017cowa w czasie Wielkiego Postu\u00a0 w pi\u0105tek o godzinie\u00a0\u00a017.00\u00a0\u00a0<\/p>\n\n\n\n<p>Odpust ku czci \u015bw. Stanis\u0142awa Biskupa M\u0119czennika 8 maja o godzinie 12.00<\/p>\n\n\n\n<p>Odpust ku czci \u015bw. Tereski od Dzieci\u0105tka Jezus Niedziela po 1 pa\u017adziernika o godzinie 12.00 <\/p>\n","protected":false},"excerpt":{"rendered":"<p>Msze \u015bwi\u0119te i nabo\u017ce\u0144stwa W niedziel\u0119 Msze \u015bw. w Krynicach o godzinie 9.00 i 11.00 w Polanach w II, III,&nbsp;[&hellip;]<\/p>\n","protected":false},"author":1,"featured_media":0,"parent":53,"menu_order":6,"comment_status":"closed","ping_status":"closed","template":"page-templates\/template_fullwidth.php","meta":{"ngg_post_thumbnail":0},"_links":{"self":[{"href":"https:\/\/parafiakrynice.pl\/index.php?rest_route=\/wp\/v2\/pages\/455"}],"collection":[{"href":"https:\/\/parafiakrynice.pl\/index.php?rest_route=\/wp\/v2\/pages"}],"about":[{"href":"https:\/\/parafiakrynice.pl\/index.php?rest_route=\/wp\/v2\/types\/page"}],"author":[{"embeddable":true,"href":"https:\/\/parafiakrynice.pl\/index.php?rest_route=\/wp\/v2\/users\/1"}],"replies":[{"embeddable":true,"href":"https:\/\/parafiakrynice.pl\/index.php?rest_route=%2Fwp%2Fv2%2Fcomments&post=455"}],"version-history":[{"count":16,"href":"https:\/\/parafiakrynice.pl\/index.php?rest_route=\/wp\/v2\/pages\/455\/revisions"}],"predecessor-version":[{"id":1903,"href":"https:\/\/parafiakrynice.pl\/index.php?rest_route=\/wp\/v2\/pages\/455\/revisions\/1903"}],"up":[{"embeddable":true,"href":"https:\/\/parafiakrynice.pl\/index.php?rest_route=\/wp\/v2\/pages\/53"}],"wp:attachment":[{"href":"https:\/\/parafiakrynice.pl\/index.php?rest_route=%2Fwp%2Fv2%2Fmedia&parent=455"}],"curies":[{"name":"wp","href":"https:\/\/api.w.org\/{rel}","templated":true}]}}