{"id":1003,"date":"2020-03-30T09:11:38","date_gmt":"2020-03-30T07:11:38","guid":{"rendered":"http:\/\/parafiakrynice.pl\/?page_id=1003"},"modified":"2022-04-01T13:23:43","modified_gmt":"2022-04-01T11:23:43","slug":"intencje","status":"publish","type":"page","link":"https:\/\/parafiakrynice.pl\/?page_id=1003","title":{"rendered":"Intencje"},"content":{"rendered":"<p><b style='font-size: 20px;line-height: 3'>Niedziela 30 Sierpie\u0144 2026<\/b> <\/p><p><span style='font-size: 20px;'>08:00<\/span> -  + Jan Gregorianka<p><span style='font-size: 20px;'>09:00<\/span> -  Gregorianka - Aniela Lelonek<p><span style='font-size: 20px;'>10:30<\/span> -  R\u00f3\u017caniec zelatorki P. Tutka  Bernarda<p><span style='font-size: 20px;'>11:00<\/span> Int.zb  + Aleksander 5R, Bronis\u0142aw, i Stanis\u0142awa Wszo\u0142a, Zbigniew Or\u0142owski i zm. z rodz. Wszo\u0142\u00f3w i Pyc\u00f3w<p><span style='font-size: 20px;'>11:00<\/span> Int.zb  Za Parafian, Go\u015bci, Dobrodziej\u00f3w i Darczy\u0144c\u00f3w<p><span style='font-size: 20px;'>11:00<\/span> Int.zb  + Anna Ko\u0142odziej od Zarz\u0105du Gminnego PSL w Krynicach<p><b style='font-size: 20px;line-height: 3'>Poniedzia\u0142ek 31 Sierpie\u0144 2026<\/b> <\/p><p><span style='font-size: 20px;'>17:30<\/span> -  + Aniela Lelonek - Gregorianka<p><span style='font-size: 20px;'>18:00<\/span> -  + Jan Gregorianka<p><b style='font-size: 20px;line-height: 3'>Wtorek 01 Wrzesie\u0144 2026<\/b> <\/p><p><span style='font-size: 20px;'>07:00<\/span> -  + Aniela Lelonek - Gregorianka<p><span style='font-size: 20px;'>07:30<\/span> greg  <p><span style='font-size: 20px;'>08:00<\/span> -  Rozpocz\u0119cie Roku Szkolnego<p><span style='font-size: 20px;'>18:00<\/span> Krynice  + Jan Gregorianka<p><b style='font-size: 20px;line-height: 3'>\u015aroda 02 Wrzesie\u0144 2026<\/b> <\/p><p><span style='font-size: 20px;'>07:00<\/span> -  + Aniela Lelonek - Gregorianka<p><span style='font-size: 20px;'>07:30<\/span> greg  <p><span style='font-size: 20px;'>17:30<\/span> -  + Marek Zwolak 7R<p><span style='font-size: 20px;'>18:00<\/span> Krynice  + Jan Gregorianka<p><b style='font-size: 20px;line-height: 3'>Czwartek 03 Wrzesie\u0144 2026<\/b> <\/p><p><span style='font-size: 20px;'>07:00<\/span> -  + Aniela Lelonek - Gregorianka<p><span style='font-size: 20px;'>07:30<\/span> greg  <p><span style='font-size: 20px;'>18:00<\/span> Krynice  + Jan Gregorianka<p><b style='font-size: 20px;line-height: 3'>Pi\u0105tek 04 Wrzesie\u0144 2026<\/b> <\/p><p><span style='font-size: 20px;'>07:00<\/span> -  + Aniela Lelonek - Gregorianka<p><span style='font-size: 20px;'>07:30<\/span> greg  <p><span style='font-size: 20px;'>17:30<\/span> -  + Jan Gregorianka<p><span style='font-size: 20px;'>18:00<\/span> -  + Henryk, Bernard, Genowefa, Franciszek z rodz. GREL\u00d3W I KOPERWAS\u00d3W.<p><b style='font-size: 20px;line-height: 3'>Sobota 05 Wrzesie\u0144 2026<\/b> <\/p><p><span style='font-size: 20px;'>07:00<\/span> -  + Aniela Lelonek - Gregorianka<p><span style='font-size: 20px;'>07:30<\/span> greg  <p><span style='font-size: 20px;'>17:00<\/span> Krynice  + Jan Gregorianka<p><span style='font-size: 20px;'>18:00<\/span> -  + Les\u0142aw Mazurek 4R i zm. z rodz. Mazurk\u00f3w, Lach\u00f3w, Pankiewicz\u00f3w, Szyku\u0142\u00f3w, Szot\u00f3w, Koz\u0142owskich i \u0141opuszy\u0144skich<p><b style='font-size: 20px;line-height: 3'>Niedziela 06 Wrzesie\u0144 2026<\/b> <\/p><p><span style='font-size: 20px;'>07:30<\/span> greg  <p><span style='font-size: 20px;'>08:00<\/span> Int.zb  <p><span style='font-size: 20px;'>09:00<\/span> -  Gregorianka - Aniela Lelonek<p><span style='font-size: 20px;'>10:30<\/span> -  R\u00f3\u017caniec Ko\u0142o R\u00f3\u017ca\u0144cowe zelatorki El\u017cbiety Stryczek<p><span style='font-size: 20px;'>12:00<\/span> -  + Anna Ko\u0142odziej 30D<p><span style='font-size: 20px;'>12:00<\/span> -  Msza Do\u017cynkowa\n","protected":false},"excerpt":{"rendered":"","protected":false},"author":1,"featured_media":0,"parent":0,"menu_order":0,"comment_status":"closed","ping_status":"closed","template":"elementor_header_footer","meta":{"ngg_post_thumbnail":0},"_links":{"self":[{"href":"https:\/\/parafiakrynice.pl\/index.php?rest_route=\/wp\/v2\/pages\/1003"}],"collection":[{"href":"https:\/\/parafiakrynice.pl\/index.php?rest_route=\/wp\/v2\/pages"}],"about":[{"href":"https:\/\/parafiakrynice.pl\/index.php?rest_route=\/wp\/v2\/types\/page"}],"author":[{"embeddable":true,"href":"https:\/\/parafiakrynice.pl\/index.php?rest_route=\/wp\/v2\/users\/1"}],"replies":[{"embeddable":true,"href":"https:\/\/parafiakrynice.pl\/index.php?rest_route=%2Fwp%2Fv2%2Fcomments&post=1003"}],"version-history":[{"count":14,"href":"https:\/\/parafiakrynice.pl\/index.php?rest_route=\/wp\/v2\/pages\/1003\/revisions"}],"predecessor-version":[{"id":1675,"href":"https:\/\/parafiakrynice.pl\/index.php?rest_route=\/wp\/v2\/pages\/1003\/revisions\/1675"}],"wp:attachment":[{"href":"https:\/\/parafiakrynice.pl\/index.php?rest_route=%2Fwp%2Fv2%2Fmedia&parent=1003"}],"curies":[{"name":"wp","href":"https:\/\/api.w.org\/{rel}","templated":true}]}}

<p><b style='font-size: 20px;line-height: 3'>Niedziela 30 Sierpień 2026</b> </p><p><span style='font-size: 20px;'>08:00</span> -  + Jan Gregorianka<p><span style='font-size: 20px;'>09:00</span> -  Gregorianka - Aniela Lelonek<p><span style='font-size: 20px;'>10:30</span> -  Różaniec zelatorki P. Tutka  Bernarda<p><span style='font-size: 20px;'>11:00</span> Int.zb  + Aleksander 5R, Bronisław, i Stanisława Wszoła, Zbigniew Orłowski i zm. z rodz. Wszołów i Pyców<p><span style='font-size: 20px;'>11:00</span> Int.zb  Za Parafian, Gości, Dobrodziejów i Darczyńców<p><span style='font-size: 20px;'>11:00</span> Int.zb  + Anna Kołodziej od Zarządu Gminnego PSL w Krynicach<p><b style='font-size: 20px;line-height: 3'>Poniedziałek 31 Sierpień 2026</b> </p><p><span style='font-size: 20px;'>17:30</span> -  + Aniela Lelonek - Gregorianka<p><span style='font-size: 20px;'>18:00</span> -  + Jan Gregorianka<p><b style='font-size: 20px;line-height: 3'>Wtorek 01 Wrzesień 2026</b> </p><p><span style='font-size: 20px;'>07:00</span> -  + Aniela Lelonek - Gregorianka<p><span style='font-size: 20px;'>07:30</span> greg  <p><span style='font-size: 20px;'>08:00</span> -  Rozpoczęcie Roku Szkolnego<p><span style='font-size: 20px;'>18:00</span> Krynice  + Jan Gregorianka<p><b style='font-size: 20px;line-height: 3'>Środa 02 Wrzesień 2026</b> </p><p><span style='font-size: 20px;'>07:00</span> -  + Aniela Lelonek - Gregorianka<p><span style='font-size: 20px;'>07:30</span> greg  <p><span style='font-size: 20px;'>17:30</span> -  + Marek Zwolak 7R<p><span style='font-size: 20px;'>18:00</span> Krynice  + Jan Gregorianka<p><b style='font-size: 20px;line-height: 3'>Czwartek 03 Wrzesień 2026</b> </p><p><span style='font-size: 20px;'>07:00</span> -  + Aniela Lelonek - Gregorianka<p><span style='font-size: 20px;'>07:30</span> greg  <p><span style='font-size: 20px;'>18:00</span> Krynice  + Jan Gregorianka<p><b style='font-size: 20px;line-height: 3'>Piątek 04 Wrzesień 2026</b> </p><p><span style='font-size: 20px;'>07:00</span> -  + Aniela Lelonek - Gregorianka<p><span style='font-size: 20px;'>07:30</span> greg  <p><span style='font-size: 20px;'>17:30</span> -  + Jan Gregorianka<p><span style='font-size: 20px;'>18:00</span> -  + Henryk, Bernard, Genowefa, Franciszek z rodz. GRELÓW I KOPERWASÓW.<p><b style='font-size: 20px;line-height: 3'>Sobota 05 Wrzesień 2026</b> </p><p><span style='font-size: 20px;'>07:00</span> -  + Aniela Lelonek - Gregorianka<p><span style='font-size: 20px;'>07:30</span> greg  <p><span style='font-size: 20px;'>17:00</span> Krynice  + Jan Gregorianka<p><span style='font-size: 20px;'>18:00</span> -  + Lesław Mazurek 4R i zm. z rodz. Mazurków, Lachów, Pankiewiczów, Szykułów, Szotów, Kozłowskich i Łopuszyńskich<p><b style='font-size: 20px;line-height: 3'>Niedziela 06 Wrzesień 2026</b> </p><p><span style='font-size: 20px;'>07:30</span> greg  <p><span style='font-size: 20px;'>08:00</span> Int.zb  <p><span style='font-size: 20px;'>09:00</span> -  Gregorianka - Aniela Lelonek<p><span style='font-size: 20px;'>10:30</span> -  Różaniec Koło Różańcowe zelatorki Elżbiety Stryczek<p><span style='font-size: 20px;'>12:00</span> -  + Anna Kołodziej 30D<p><span style='font-size: 20px;'>12:00</span> -  Msza Dożynkowa
