{"id":57,"date":"2020-01-21T14:49:22","date_gmt":"2020-01-21T13:49:22","guid":{"rendered":"http:\/\/sanktuarium-bujakow.pl\/?page_id=57"},"modified":"2026-01-04T07:38:14","modified_gmt":"2026-01-04T06:38:14","slug":"ogloszenia-paraf","status":"publish","type":"page","link":"http:\/\/parafiakrynice.pl\/?page_id=57","title":{"rendered":"Og\u0142oszenia Parafialne"},"content":{"rendered":"\n<figure class=\"wp-block-table\"><table><tbody><tr><td><strong><u>Data i Godzina<\/u><\/strong><\/td><td><strong><u>Miejscowo\u015b\u0107<\/u><\/strong><\/td><td><strong><u>Dok\u0142adny zakres kol\u0119dy<\/u><\/strong><\/td><\/tr><tr><td>2.01.2026 Od 9.00<\/td><td>Majdan Krynicki<\/td><td>Od P. Wo\u015b do P. Marii i Jana Zieli\u0144skich<\/td><\/tr><tr><td>3.01.2026 Od 9.00<\/td><td>Majdan Krynicki<\/td><td>CD doP. Pauliny I Tomasza Matuszak<\/td><\/tr><tr><td>04.01.2026 Od 14.00<\/td><td>Majdan Krynicki, Krynice<\/td><td>od Pa\u0144stwa Mu\u017cacz do Pa\u0144stwa Litkowiec przy ko\u015bciele. &nbsp;<\/td><\/tr><tr><td><strong>05.01.2026<\/strong> <strong>Od 9.00<\/strong><\/td><td><strong>Polany<\/strong><\/td><td><strong>Stara Wie\u015b<\/strong><\/td><\/tr><tr><td><strong>06.01.2026<\/strong> <strong>Od 14.00<\/strong><\/td><td><strong>Budy<\/strong> <strong>Krynice<\/strong><\/td><td><strong>Budy od pocz\u0105tku<\/strong> <strong>Do Krynic do P. Szawrackiego<\/strong><\/td><\/tr><tr><td><strong>07.01.2026<\/strong> <strong>od 14.00<\/strong><\/td><td><strong>Polany<\/strong><\/td><td><strong>Kolonia I i II<\/strong> <strong>od Polan Starej Wsi<\/strong><\/td><\/tr><tr><td><strong>08.01.2026<\/strong> <strong>Od 14.00<\/strong><\/td><td><strong>Polan\u00f3wka<\/strong><\/td><td><strong>Od Polan do P. Danuty Bondyry<\/strong><\/td><\/tr><tr><td><strong>09.01.2026<\/strong> <strong>Od 14.00<\/strong><\/td><td><strong>Polan\u00f3wka<\/strong><\/td><td><strong>Od Pani Staszewskiej do P. Pi\u00f3ro<\/strong><\/td><\/tr><tr><td><strong>10.01.2026<\/strong> <strong>Od 9.00<\/strong><\/td><td><strong>Polan\u00f3wka<\/strong><\/td><td><strong>Od P. Kowalskich do P. Kaw\u00f3w<\/strong><\/td><\/tr><tr><td><strong>12.01.2016<\/strong> <strong>Od 9.00<\/strong><\/td><td><strong>Zadnoga<\/strong><\/td><td><strong>Od P. So\u0142tys a potem od P. Zwolaka<\/strong><\/td><\/tr><tr><td><strong>13.01.2026<\/strong> <strong>Od 14.00<\/strong><\/td><td><strong>Roman\u00f3wka<\/strong><\/td><td><strong>Od pocz\u0105tku P. Zaj\u0105c<\/strong><\/td><\/tr><tr><td><strong>14.01.2026<\/strong> <strong>0d 14.00<\/strong><\/td><td><strong>Krynice<\/strong><\/td><td><strong>Od P. Nad\u0142onek do P. Fus\u00f3w<\/strong><\/td><\/tr><tr><td><strong>15.01.2026<\/strong> <strong>Od 14.00<\/strong><\/td><td><strong>Krynice<\/strong><\/td><td><strong>Od P. Piwk\u00f3w do P. Sochan\u00f3w<\/strong><\/td><\/tr><tr><td><strong>16.01.2026<\/strong> <strong>Od 14.00<\/strong><\/td><td><strong>Krynice<\/strong><\/td><td><strong>Za wod\u0105 od P. Roma\u0144czuk\u00f3w do P. Semczuk\u00f3w<\/strong><\/td><\/tr><tr><td><strong>17.01.2026<\/strong> <strong>0d 9.00<\/strong><\/td><td><strong>Krynice<\/strong><\/td><td><strong>Centrum<\/strong><\/td><\/tr><tr><td><strong>20.01.2026<\/strong> <strong>Od 9.00<\/strong><\/td><td><strong>Krynice<\/strong><\/td><td><strong>Ul. Zamojska od P. Bork\u00f3w<\/strong><\/td><\/tr><tr><td><strong>21.01.2026<\/strong> <strong>Od 9.00<\/strong><\/td><td><strong>Kryniczki<\/strong> <strong>Krynice<\/strong><\/td><td><strong>Od Kryniczek do P. Matuszak\u00f3w<\/strong><\/td><\/tr><tr><td><strong>22.01.2026<\/strong> <strong>Od 14.00<\/strong><\/td><td><strong>Krynice<\/strong><\/td><td><strong>Od P. Lewickich do ko\u0144ca<\/strong><\/td><\/tr><\/tbody><\/table><\/figure>\n","protected":false},"excerpt":{"rendered":"<p>Data i Godzina Miejscowo\u015b\u0107 Dok\u0142adny zakres kol\u0119dy 2.01.2026 Od 9.00 Majdan Krynicki Od P. Wo\u015b do P. Marii i Jana&nbsp;[&hellip;]<\/p>\n","protected":false},"author":1,"featured_media":0,"parent":53,"menu_order":2,"comment_status":"closed","ping_status":"closed","template":"page-templates\/template_fullwidth.php","meta":{"ngg_post_thumbnail":0},"_links":{"self":[{"href":"http:\/\/parafiakrynice.pl\/index.php?rest_route=\/wp\/v2\/pages\/57"}],"collection":[{"href":"http:\/\/parafiakrynice.pl\/index.php?rest_route=\/wp\/v2\/pages"}],"about":[{"href":"http:\/\/parafiakrynice.pl\/index.php?rest_route=\/wp\/v2\/types\/page"}],"author":[{"embeddable":true,"href":"http:\/\/parafiakrynice.pl\/index.php?rest_route=\/wp\/v2\/users\/1"}],"replies":[{"embeddable":true,"href":"http:\/\/parafiakrynice.pl\/index.php?rest_route=%2Fwp%2Fv2%2Fcomments&post=57"}],"version-history":[{"count":54,"href":"http:\/\/parafiakrynice.pl\/index.php?rest_route=\/wp\/v2\/pages\/57\/revisions"}],"predecessor-version":[{"id":1950,"href":"http:\/\/parafiakrynice.pl\/index.php?rest_route=\/wp\/v2\/pages\/57\/revisions\/1950"}],"up":[{"embeddable":true,"href":"http:\/\/parafiakrynice.pl\/index.php?rest_route=\/wp\/v2\/pages\/53"}],"wp:attachment":[{"href":"http:\/\/parafiakrynice.pl\/index.php?rest_route=%2Fwp%2Fv2%2Fmedia&parent=57"}],"curies":[{"name":"wp","href":"https:\/\/api.w.org\/{rel}","templated":true}]}}

Ogłoszenia Parafialne

<figure class="wp-block-table"><table><tbody><tr><td><strong><u>Data i Godzina</u></strong></td><td><strong><u>Miejscowość</u></strong></td><td><strong><u>Dokładny zakres kolędy</u></strong></td></tr><tr><td>2.01.2026 Od 9.00</td><td>Majdan Krynicki</td><td>Od P. Woś do P. Marii i Jana Zielińskich</td></tr><tr><td>3.01.2026 Od 9.00</td><td>Majdan Krynicki</td><td>CD doP. Pauliny I Tomasza Matuszak</td></tr><tr><td>04.01.2026 Od 14.00</td><td>Majdan Krynicki, Krynice</td><td>od Państwa Mużacz do Państwa Litkowiec przy kościele. &nbsp;</td></tr><tr><td><strong>05.01.2026</strong> <strong>Od 9.00</strong></td><td><strong>Polany</strong></td><td><strong>Stara Wieś</strong></td></tr><tr><td><strong>06.01.2026</strong> <strong>Od 14.00</strong></td><td><strong>Budy</strong> <strong>Krynice</strong></td><td><strong>Budy od początku</strong> <strong>Do Krynic do P. Szawrackiego</strong></td></tr><tr><td><strong>07.01.2026</strong> <strong>od 14.00</strong></td><td><strong>Polany</strong></td><td><strong>Kolonia I i II</strong> <strong>od Polan Starej Wsi</strong></td></tr><tr><td><strong>08.01.2026</strong> <strong>Od 14.00</strong></td><td><strong>Polanówka</strong></td><td><strong>Od Polan do P. Danuty Bondyry</strong></td></tr><tr><td><strong>09.01.2026</strong> <strong>Od 14.00</strong></td><td><strong>Polanówka</strong></td><td><strong>Od Pani Staszewskiej do P. Pióro</strong></td></tr><tr><td><strong>10.01.2026</strong> <strong>Od 9.00</strong></td><td><strong>Polanówka</strong></td><td><strong>Od P. Kowalskich do P. Kawów</strong></td></tr><tr><td><strong>12.01.2016</strong> <strong>Od 9.00</strong></td><td><strong>Zadnoga</strong></td><td><strong>Od P. Sołtys a potem od P. Zwolaka</strong></td></tr><tr><td><strong>13.01.2026</strong> <strong>Od 14.00</strong></td><td><strong>Romanówka</strong></td><td><strong>Od początku P. Zając</strong></td></tr><tr><td><strong>14.01.2026</strong> <strong>0d 14.00</strong></td><td><strong>Krynice</strong></td><td><strong>Od P. Nadłonek do P. Fusów</strong></td></tr><tr><td><strong>15.01.2026</strong> <strong>Od 14.00</strong></td><td><strong>Krynice</strong></td><td><strong>Od P. Piwków do P. Sochanów</strong></td></tr><tr><td><strong>16.01.2026</strong> <strong>Od 14.00</strong></td><td><strong>Krynice</strong></td><td><strong>Za wodą od P. Romańczuków do P. Semczuków</strong></td></tr><tr><td><strong>17.01.2026</strong> <strong>0d 9.00</strong></td><td><strong>Krynice</strong></td><td><strong>Centrum</strong></td></tr><tr><td><strong>20.01.2026</strong> <strong>Od 9.00</strong></td><td><strong>Krynice</strong></td><td><strong>Ul. Zamojska od P. Borków</strong></td></tr><tr><td><strong>21.01.2026</strong> <strong>Od 9.00</strong></td><td><strong>Kryniczki</strong> <strong>Krynice</strong></td><td><strong>Od Kryniczek do P. Matuszaków</strong></td></tr><tr><td><strong>22.01.2026</strong> <strong>Od 14.00</strong></td><td><strong>Krynice</strong></td><td><strong>Od P. Lewickich do końca</strong></td></tr></tbody></table></figure>

<p>Data i Godzina Miejscowość Dokładny zakres kolędy 2.01.2026 Od 9.00 Majdan Krynicki Od P. Woś do P. Marii i Jana&nbsp;[&hellip;]</p>
